71 + d. Calculate the highest common divisor of i and x.
4
Let m be 12/4 + 2 + 1. What is the greatest common divisor of m and 54?
6
Suppose 0 = 2*q - u - 0 - 164, 12 = -3*u. Suppose -h + 1212 = -0*h. Let f be (-1)/5 - h/(-60). What is the greatest common divisor of q and f?
20
Let a(k) = -4*k + 1. Let r be a(-1). Suppose 72 = -g + r*g. Suppose -2*s + g = s. Calculate the highest common divisor of 4 and s.
2
Suppose 0 = -2*l + 77 - 15. Calculate the highest common factor of 31 and l.
31
Let w(t) = -t**2 - 9*t + 16. Let v be w(-13). Let g = -20 - v. What is the greatest common factor of g and 80?
16
Let z(f) = -f**3 + 7*f**2 + 16*f - 16. Let n be z(7). Suppose -3*v + 56 = -0*h + 4*h, 4*v = -2*h + 58. What is the greatest common divisor of n and v?
12
Let c = -2 + 20. Suppose -5*s + 22 = 5*a - 53, -2*s - 5*a = -c. Let l = -5 + s. Calculate the highest common factor of l and 14.
14
Let q(g) = -g**2 + 8*g + 3. Let o be q(6). Suppose t + 5*b = -0*t + 80, o = 3*b. Let m = 2 - -3. Calculate the highest common divisor of m and t.
5
Suppose -14*c + 21 + 861 = 0. Calculate the highest common factor of 7 and c.
7
Suppose 4*z + 0*z - 4 = 0. Let r = z + 29. Calculate the greatest common factor of r and 10.
10
Suppose 0 = -2*l + 8, 4*u + 3*l = -l + 660. Suppose -u = -2*c + 125. Let o = 4 + 9. What is the greatest common factor of o and c?
13
Let v be (0 + 127)/(2/2). Suppose -v + 325 = 3*y. Let j be (-3)/12 - 50/(-8). Calculate the greatest common factor of j and y.
6
Let n be -2*-3*1/2. Suppose -2*c + n*c = 20. Let f = 71 - 41. Calculate the highest common divisor of c and f.
10
Suppose 2*h - 560 = -5*h. What is the highest common divisor of 10 and h?
10
Let h be ((-4)/(-30)*5)/(2/24). Let y(l) = 39*l**3 + 2*l**2 - l. Let s be y(1). What is the greatest common divisor of h and s?
8
Let a be 2/(-7) + 80/(-14). Let c be (-27)/1*2/a. Let g = 1 - 0. What is the greatest common divisor of c and g?
1
Let x(w) = w**2 - 10*w + 10. Let o be x(-8). Let b be (40/(-6))/((-6)/63). Suppose -d + b = 4*d. What is the greatest common factor of o and d?
14
Let l be (-8)/12*(-240)/1. Let x = 102 + -38. Calculate the highest common factor of x and l.
32
Suppose c - 30 - 3 = 0. Let i = -14 - -17. What is the highest common divisor of c and i?
3
Suppose 0 = -4*v + m + m + 836, 1045 = 5*v - 4*m. Calculate the greatest common divisor of 11 and v.
11
Suppose -4*r + 118 = -282. Calculate the greatest common factor of r and 40.
20
Let j(p) = p**2 + 1 - 4 - 4 + 3. Let x be j(3). Suppose 16 + 14 = x*r. What is the greatest common factor of r and 48?
6
Let i(y) = -2*y + 18. Let h be i(0). Let p be -2 + 2 - (-8 - h). What is the greatest common divisor of 65 and p?
13
Let f = 17 - 13. Suppose -3*o + 3*j + 27 = 5*j, 4*o + f*j = 36. Calculate the highest common factor of 99 and o.
9
Let o be (68/(-28) + (2 - 3))*-28. What is the greatest common factor of o and 24?
24
Let l(k) = 0*k - 3 + 2*k**2 - 6*k + 0*k**2. Let o be l(6). Let s be (0 - -1)*o/3. Calculate the highest common factor of s and 121.
11
Let i = -23 + 48. Suppose -n = -2 - i. Let p = -114 - -117. Calculate the highest common factor of n and p.
3
Let a(l) = -l**2 - 6*l + 3. Let d be a(-6). Suppose -2*x + x + d = 0. Calculate the greatest common factor of 27 and x.
3
Let l be 1*(2/1 - 2). Suppose l = -2*r - 0*r + 4. Suppose 5*t - 20 = 3*m, 2*m - 20 = -5*t - r*m. Calculate the greatest common divisor of t and 1.
1
Suppose 0 = -6*x + 2*x + 304. Calculate the greatest common factor of x and 190.
38
Suppose o - 57 = -m + 6*m, 0 = -2*m - 8. What is the greatest common factor of 111 and o?
37
Let h(n) = -n**2 + 9*n + 12. Let d be h(6). What is the highest common divisor of 390 and d?
30
Let y = -7 - -28. Let i = 19 + y. What is the greatest common divisor of 8 and i?
8
Let s be (4/(-4))/((-2)/124). Let b = s + -17. Let k(v) = -v**3 + 3*v**2 + 6*v - 3. Let o be k(4). Calculate the greatest common factor of o and b.
5
Suppose -12 = -2*u - 2. What is the highest common factor of u and 20?
5
Suppose -2*f + 3*f - 15 = -4*v, 4*f = -2*v + 32. Calculate the greatest common divisor of 35 and f.
7
Let z be (0 - 2) + (6 - -3). What is the highest common factor of z and 133?
7
Let x = -51 - -103. Suppose 1 - 14 = -w. Calculate the highest common divisor of x and w.
13
Suppose -2*z + 11 = -x, -6*z + 3*z + 19 = -2*x. Calculate the greatest common divisor of 12 and z.
3
Let k be 2*(-2)/(4/(-2)). Suppose a + 2*a + p + 2 = 0, a + 4*p + 8 = 0. Suppose k*d - 22 = -a*d. What is the greatest common factor of d and 121?
11
Let p = -48 - -57. What is the greatest common divisor of 63 and p?
9
Suppose -17 = -3*x + 73. What is the greatest common divisor of x and 6?
6
Suppose -3*b = -5*n + 51, -b = 3*n - 0*b - 39. Let t be 66/(-4)*(-16)/n. What is the greatest common factor of 2 and t?
2
Suppose 0 = 4*d + 5*p - 52, -2*d - 5*p + 3*p = -28. Let v = 26 + -14. Calculate the highest common divisor of v and d.
6
Let x be ((-1 - -1) + 3)/1. Suppose x*h - 4 + 1 = 0. What is the greatest common divisor of 1 and h?
1
Suppose -2*g = 5*o - 1110, -g = 8*o - 5*o - 667. Calculate the highest common divisor of 28 and o.
28
Let w be (-50)/(-18) + (-4)/(-18). Let m(b) = 8*b + 1. Let a be m(4). What is the greatest common factor of a and w?
3
Let r(g) = g**2 + 6*g + 14. Let x be r(-6). Calculate the highest common divisor of x and 1.
1
Let i = -84 - -212. Calculate the greatest common factor of i and 16.
16
Let i be (-10)/(-5) + 2 + -2. Let o be i/(-2)*(2 + -15). Calculate the greatest common factor of 52 and o.
13
Let q(v) = v**3 + v**2 + 5. Let o(m) = 3*m**3 + m**2 + 11. Let x(p) = 2*o(p) - 5*q(p). Let z be x(4). Calculate the greatest common divisor of 65 and z.
13
Let d(z) = -z**3 + 4*z**2. Let a be d(4). Suppose 5*x - 141 + 41 = a. What is the greatest common factor of x and 30?
10
Suppose 4 = -4*f, -4*a = 2*f - 1996 + 718. Let q = -89 + a. Calculate the greatest common factor of 21 and q.
21
Suppose -4*k = -455 + 155. What is the greatest common factor of k and 30?
15
Suppose -1 = 4*i - 33. What is the greatest common divisor of i and 72?
8
Let b(a) = a**2 - 2*a - 3. Let u be b(-4). Let o be -3 + 1 - 4/4. Let i = 6 + o. What is the greatest common divisor of i and u?
3
Let q(y) = -13*y + 3. Let x be q(-1). Calculate the greatest common factor of x and 176.
16
Let i be (567/(-18))/(2/(-4)). Calculate the highest common divisor of i and 9.
9
Let p = 114 + -49. Let y(u) = -7*u - 1. Let n be y(-2). Calculate the highest common divisor of p and n.
13
Let g = -13 + 134. Let x(w) = w**2 + 3*w + 3. Let d be x(-2). Let h be (-6)/2 + d - -13. Calculate the highest common factor of h and g.
11
Let k be 3/((-3)/(-2)) - -3. Suppose -5 - 40 = -k*d. What is the highest common divisor of 9 and d?
9
Let g be 1/(90/44 - 2). Let v = g + -5. Suppose -124 = -o - b, -2*b + b = -3*o + 352. Calculate the greatest common factor of o and v.
17
Suppose -5*f - 4*s + 167 = 0, 25 = f + 8*s - 3*s. What is the greatest common divisor of 14 and f?
7
Let j = -49 + 88. Calculate the highest common factor of 26 and j.
13
Suppose 0 = -k - o + 332, -237 - 747 = -3*k + 3*o. Calculate the greatest common factor of k and 30.
30
Let f(b) = -b**3 - 3*b**2 + 7*b - 3. Let z be f(-5). Let d = 17 + -33. Let x be ((-306)/z)/(6/d). What is the greatest common divisor of 17 and x?
17
Let n(h) = h + 84. Let x be n(0). Suppose 14 = 3*t - 2*l + 2, 8 = 2*t - 3*l. Let a be t - (-9 + 3/3). What is the highest common factor of a and x?
12
Let r = 11 - -19. Suppose 0*q = -2*q + 4*x + 26, 2*q - 6 = -x. Let u be 5/(q/(-2)) - -8. What is the greatest common factor of u and r?
6
Let j(o) = o**2 + 2*o + 4. Let k be j(-4). Suppose -2*h - h + k = 0. Suppose -p - 54 = -h*p. Calculate the highest common divisor of p and 2.
2
Let m be (-2295)/(-35) - (-8)/(-14). What is the greatest common divisor of m and 13?
13
Let x(a) = 4*a**2. Suppose -5*s - 1 = 4. Let f be x(s). Suppose 0 = 2*w - 3*w + 44. What is the greatest common divisor of w and f?
4
Let o(d) = -2*d - 12. Let p be o(-11). Let u be ((-12)/p)/((-5)/25). Calculate the greatest common factor of u and 3.
3
Let j(p) = -9*p**3 + p**2 + p. Let a be j(-1). Calculate the highest common divisor of 45 and a.
9
Suppose -2*s + 182 = -428. Let d = -85 + -129. Let y = d + s. Calculate the